40da2
-1d03c0 (base 14) to base 3
-1221201212000
-50061 (base 8) to base 11
-14473
-23230434 (base 5) to base 7
-1540144
What is -11000000002222 (base 3) in base 14?
-3d4a20
Convert -114401325 (base 7) to base 10.
-7126677
980602 (base 13) to base 3
20201102200111
-4177a (base 11) to base 12
-2b251
Convert 121200122 (base 4) to base 9.
168272
2d2756 (base 14) to base 3
2222101002022
Convert 1ca39c (base 14) to base 13.
29c5a8
106436 (base 8) to base 9
54500
-553716 (base 8) to base 7
-1404126
-10117760 (base 8) to base 2
-1000001001111111110000
Convert 203512233 (base 6) to base 15.
49dcd6
-5317b6 (base 12) to base 14
-2611b4
What is 238554 (base 12) in base 3?
1002012001001
Convert 1111210100 (base 3) to base 6.
345400
What is -15c17 (base 14) in base 12?
-27665
Convert -36998 (base 10) to base 12.
-194b2
-3bcb2c (base 15) to base 12
-b69629
Convert -11262 (base 8) to base 14.
-1a5c
3442635 (base 7) to base 9
725830
-11110010111101110 (base 2) to base 14
-33498
-11204420231 (base 5) to base 12
-4265b64
3143625 (base 8) to base 3
1120112212110
203520c (base 14) to base 11
8634337
-167240 (base 8) to base 13
-21a61
Convert 597630 (base 12) to base 3.
2201100111100
Convert -772a69 (base 11) to base 6.
-42235555
What is 68b (base 12) in base 5?
12341
What is 517b66 (base 12) in base 11?
7a3743
142521 (base 6) to base 7
54415
-1005123 (base 8) to base 7
-2151655
20231015 (base 7) to base 6
100104002
What is 18bac (base 14) in base 9?
104870
351100 (base 8) to base 12
590a8
Convert -57452 (base 8) to base 6.
-304442
Convert -21193 (base 14) to base 13.
-2a4a3
Convert 488080 (base 11) to base 10.
772068
Convert -93b1a (base 12) to base 9.
-324274
What is -2155540 (base 6) in base 4?
-122210310
-41502011 (base 6) to base 8
-4462727
What is 1ab80 (base 15) in base 6?
1510350
What is -1001011010110100001 (base 2) in base 12?
-12a741
Convert -4330224 (base 5) to base 7.
-425126
214132202 (base 5) to base 15
134abc
Convert 1a9030 (base 13) to base 7.
5515634
What is 999a (base 13) in base 10?
21421
What is 126482 (base 9) in base 15?
17be8
What is -1629865 (base 12) in base 16?
-453b8d
Convert -1101001001000000111010 (base 2) to base 11.
-1a43141
Convert -2420442443 (base 5) to base 8.
-25410265
Convert -1348a3 (base 11) to base 15.
-4296e
3609552 (base 11) to base 15
844ba5
What is -182230 (base 14) in base 7?
-10143160
10444377 (base 8) to base 12
904367
What is -1000011101010010 (base 2) in base 4?
-20131102
-353653 (base 8) to base 2
-11101011110101011
-388344 (base 10) to base 7
-3205125
Convert -1003602 (base 8) to base 14.
-6c33c
What is -66163a (base 14) in base 2?
-1101001101000100100100
Convert -b8916 (base 14) to base 16.
-6cf68
-23328783 (base 9) to base 12
-3978410
What is 100100010110101000 (base 2) in base 14?
3c3a0
Convert 106515 (base 9) to base 7.
354062
What is 63b15b (base 13) in base 11?
1357511
What is 24103441 (base 7) in base 5?
1021320433
110001100111111010 (base 2) to base 9
338732
-2210433312 (base 5) to base 9
-8885488
Convert 9735 (base 15) to base 9.
47805
Convert -bb38a (base 12) to base 14.
-6636a
What is -51a622 (base 12) in base 3?
-2102012000222
-8b196 (base 16) to base 14
-10b8c6
Convert 11120303133 (base 4) to base 6.
50134303
-53bced (base 16) to base 7
-64434400
-21003140 (base 5) to base 15
-360b5
What is -686365 (base 10) in base 2?
-10100111100100011101
Convert 24532482 (base 9) to base 3.
211121002112202
-443111001 (base 6) to base 3
-120000210202001
Convert -5c8745 (base 13) to base 4.
-20131200131
What is -5400533 (base 6) in base 9?
-442843
What is -5446104 (base 11) in base 4?
-210200012230
What is 1033020130 (base 4) in base 9?
543547
-220020330 (base 5) to base 14
-1a6200
203538 (base 10) to base 14
54266
-5b6ab5 (base 14) to base 8
-13741647
What is 545e7 (base 15) in base 10?
267967
-42165152 (base 7) to base 15
-4a583e
Convert -5013 (base 10) to base 2.
-1001110010101
What is 43be09 (base 16) in base 5?
2114031221
What is -118242 (base 12) in base 2?
-1000101010001010010
What is d36dc (base 14) in base 2?
1111100010001010010
What is -90d43c (base 15) in base 6?
-403240103
Convert -aeff (base 16) to base 14.
-1247d
101101010110100101011011 (base 2) to base 15
109c9e2
-ab877 (base 14) to base 4
-1211210101
What is -cd5655 (base 14) in base 2?
-11010100101001111001011
123130355 (base 7) to base 14
106a7d5
What is -634c2 (base 14) in base 16?
-3a842
Convert 2003323113 (base 4) to base 13.
15bc64
What is -4630 (base 10) in base 15?
-158a
What is -132122454 (base 6) in base 7?
-31205212
What is -113120101010 (base 4) in base 12?
-2076858
3103477 (base 11) to base 4
110321331213
-11544231 (base 6) to base 14
-995d9
What is -2011021002012 (base 3) in base 11?
-713654
Convert -432605 (base 7) to base 13.
-28433
-110110010101011110 (base 2) to base 9
-368256
Convert c06d8a (base 16) to base 14.
1963b86
Convert 11a6a30 (base 11) to base 4.
13331310323
What is -31a470 (base 14) in base 12?
-690416
Convert 271252 (base 11) to base 13.
11c001
What is 313126 (base 7) in base 11?
37569
-5215 (base 12) to base 2
-10001011110001
-1644335 (base 8) to base 12
-1b0339
Convert 204c23 (base 13) to base 9.
1367455
What is 23a22b1 (base 12) in base 5?
3233222301
4410125 (base 7) to base 3
1000110010212
78fb9 (base 16) to base 10
495545
77c66 (base 16) to base 3
220220222022
Convert -2303213333 (base 4) to base 8.
-2634777
Convert -1584349 (base 10) to base 4.
-12002303131
What is -6e4e0 (base 16) in base 7?
-3561140
Convert -11717042 (base 8) to base 3.
-11212220120110
Convert 31022123 (base 4) to base 8.
151233
Convert b8c7 (base 14) to base 13.
116bc
-53cbc3 (base 13) to base 8
-7410542
-2132310430 (base 5) to base 10
-4572615
What is -100001100101100010001 (base 2) in base 10?
-1100561
210220121110200 (base 3) to base 15
1050409
-21541530 (base 7) to base 9
-3443036
Convert -302332023132 (base 4) to base 12.
-45846a6
What is -1101001010110100100 (base 2) in base 4?
-1221112210
125533354 (base 6) to base 13
6a1467
Convert -7ba06b (base 13) to base 16.
-2cc9f1
What is 22040107 (base 8) in base 3?
22220120021010
What is 4473401 (base 8) in base 9?
2243860
Convert -21221111100 (base 3) to base 7.
-1220610
-534360 (base 9) to base 15
-643e6
Convert -5b3bd6 (base 14) to base 16.
-2fa460
What is -1633161 (base 7) in base 14?
-5c931
Convert 1a79268 (base 12) to base 13.
1224056
604720 (base 10) to base 11
383376
What is 574801 (base 9) in base 5?
42012422
Convert -576147 (base 10) to base 12.
-239503
Convert -303303223 (base 4) to base 15.
-42d1d
What is 53323264 (base 8) in base 4?
223122122310
Convert -810444 (base 11) to base 9.
-2406153
Convert -34431312 (base 5) to base 4.
-1030002201
Convert -25097 (base 14) to base 9.
-147351
What is -10500320 (base 8) in base 2?
-1000101000000011010000
Convert -12335124 (base 7) to base 3.
-2002210221120
What is 540444 (base 6) in base 16?
accc
Convert -11220211002012 (base 3) to base 12.
-a60a65
What is 1bae7 (base 15) in base 4?
112001221
32202031223 (base 4) to base 10
3810155
Convert -43241b (base 14) to base 8.
-10527111
38418 (base 9) to base 7
135245
Convert -3033000 (base 4) to base 10.
-13248
What is 309681 (base 11) in base 5?
111332242
Convert -2717273 (base 9) to base 13.
-401457
What is 33033003121 (base 4) in base 10?
3993817
What is 69bb49 (base 15) in base 11?
2940333
Convert -165442 (base 7) to base 2.
-1000000110000010
What is 242144343 (base 6) in base 8?
21375407
1301211020 (base 4) to base 8
1614510
Convert 162016 (base 10) to base 7.
1243231
464626 (base 8) to base 12
775b2
What is -5514306 (base 7) in base 13?
-1a8a2b
What is -2320020 (base 7) in base 6?
-10121023
Convert 10d272 (base 14) to base 10.
573988
1f9116 (base 16) to base 6
112201330
Convert 30513235 (base 6) to base 4.
3113001113
What is -2a58ed (base 16) in base 9?
-5188861
What is 122141 (base 7) in base 11?
1589a
Convert -111323332 (base 4) to base 16.
-15efe
20130511 (base 6) to base 13
1702c9
Convert 14a4c (base 15) to base 3.
10101011000
What is -142256 (base 10) in base 5?
-14023011
Convert 101210001210111 (base 3) to base 5.
2431312222
-10214031 (base 6) to base 9
-503281
Convert -45462 (base 9) to base 16.
-763d
900161 (base 11) to base 15
1d97d2
What is 1001001011111001000111 (base 2) in base 